{"id":171,"date":"2014-10-24T11:30:58","date_gmt":"2014-10-24T11:30:58","guid":{"rendered":"https:\/\/xml-io.proteusthemes.com\/buildpress\/?page_id=171"},"modified":"2021-02-10T18:52:03","modified_gmt":"2021-02-10T17:52:03","slug":"notre-savoir-faire","status":"publish","type":"page","link":"http:\/\/remorques-aquitaine.fr\/locations\/notre-savoir-faire\/","title":{"rendered":"Notre savoir-faire"},"content":{"rendered":"<div id=\"pl-171\"  class=\"panel-layout\" ><div id=\"pg-171-0\"  class=\"panel-grid panel-no-style\" ><div id=\"pgc-171-0-0\"  class=\"panel-grid-cell\" ><div id=\"panel-171-0-0-0\" class=\"so-panel widget widget_black-studio-tinymce widget_black_studio_tinymce panel-first-child panel-last-child\" data-index=\"0\" ><div class=\"textwidget\"><p><strong>Toutes nos remorques sont de fabrication fran\u00e7aise et assembl\u00e9es sur place dans nos locaux, vous pouvez visionner ici un aper\u00e7u de notre savoir-faire, nous faisons des remorques r\u00e9sistantes et garanties.<\/strong><\/p>\n<\/div><\/div><\/div><div id=\"pgc-171-0-1\"  class=\"panel-grid-cell\" ><div id=\"panel-171-0-1-0\" class=\"so-panel widget widget_black-studio-tinymce widget_black_studio_tinymce panel-first-child panel-last-child\" data-index=\"1\" ><div class=\"textwidget\"><p><img class=\"alignnone  wp-image-2780\" src=\"http:\/\/remorques-aquitaine.fr\/locations\/wp-content\/uploads\/2021\/02\/IMG_4619-300x225.jpg\" alt=\"\" width=\"499\" height=\"374\" \/><\/p>\n<\/div><\/div><\/div><\/div><\/div>","protected":false},"excerpt":{"rendered":"<p>Toutes nos remorques sont de fabrication fran\u00e7aise et assembl\u00e9es sur place dans nos locaux, vous pouvez visionner ici un aper\u00e7u de notre savoir-faire, nous faisons des remorques r\u00e9sistantes et garanties.<\/p>\n","protected":false},"author":1,"featured_media":0,"parent":0,"menu_order":0,"comment_status":"closed","ping_status":"closed","template":"","meta":[],"_links":{"self":[{"href":"http:\/\/remorques-aquitaine.fr\/locations\/wp-json\/wp\/v2\/pages\/171"}],"collection":[{"href":"http:\/\/remorques-aquitaine.fr\/locations\/wp-json\/wp\/v2\/pages"}],"about":[{"href":"http:\/\/remorques-aquitaine.fr\/locations\/wp-json\/wp\/v2\/types\/page"}],"author":[{"embeddable":true,"href":"http:\/\/remorques-aquitaine.fr\/locations\/wp-json\/wp\/v2\/users\/1"}],"replies":[{"embeddable":true,"href":"http:\/\/remorques-aquitaine.fr\/locations\/wp-json\/wp\/v2\/comments?post=171"}],"version-history":[{"count":4,"href":"http:\/\/remorques-aquitaine.fr\/locations\/wp-json\/wp\/v2\/pages\/171\/revisions"}],"predecessor-version":[{"id":2783,"href":"http:\/\/remorques-aquitaine.fr\/locations\/wp-json\/wp\/v2\/pages\/171\/revisions\/2783"}],"wp:attachment":[{"href":"http:\/\/remorques-aquitaine.fr\/locations\/wp-json\/wp\/v2\/media?parent=171"}],"curies":[{"name":"wp","href":"https:\/\/api.w.org\/{rel}","templated":true}]}}

<div id="pl-171"  class="panel-layout" ><div id="pg-171-0"  class="panel-grid panel-no-style" ><div id="pgc-171-0-0"  class="panel-grid-cell" ><div id="panel-171-0-0-0" class="so-panel widget widget_black-studio-tinymce widget_black_studio_tinymce panel-first-child panel-last-child" data-index="0" ><div class="textwidget"><p><strong>Toutes nos remorques sont de fabrication française et assemblées sur place dans nos locaux, vous pouvez visionner ici un aperçu de notre savoir-faire, nous faisons des remorques résistantes et garanties.</strong></p>
</div></div></div><div id="pgc-171-0-1"  class="panel-grid-cell" ><div id="panel-171-0-1-0" class="so-panel widget widget_black-studio-tinymce widget_black_studio_tinymce panel-first-child panel-last-child" data-index="1" ><div class="textwidget"><p><img class="alignnone  wp-image-2780" src="http://remorques-aquitaine.fr/locations/wp-content/uploads/2021/02/IMG_4619-300x225.jpg" alt="" width="499" height="374" /></p>
</div></div></div></div></div>

<p>Toutes nos remorques sont de fabrication française et assemblées sur place dans nos locaux, vous pouvez visionner ici un aperçu de notre savoir-faire, nous faisons des remorques résistantes et garanties.</p>
